. What is the greatest common divisor of c and 8?
2
Let n(k) = 91*k**2 - k. Let l be n(1). Suppose 0*f = -11*f + 3*f. Suppose -3*r + 37 - 7 = f. Calculate the greatest common factor of r and l.
10
Let b be 4*((-8)/12 - (-451)/132). What is the greatest common divisor of 253 and b?
11
Let r be ((-162)/8)/(9/(-24)). Let i = -12 + 18. What is the greatest common divisor of i and r?
6
Let a = -1514 - -1580. What is the highest common divisor of 297 and a?
33
Suppose x + 0*x = g + 14, 4*g + 68 = 5*x. Let h be (-2)/x + (-190)/(-60). Suppose d - 336 = -h*d. Calculate the highest common divisor of 210 and d.
42
Let j = -10 + 6. Let q = j + 12. Suppose -s + 0*s - 201 = -5*z, -196 = -5*z - 4*s. What is the greatest common factor of z and q?
8
Let v = 784 - 487. Let i = -2456 + 2483. What is the highest common factor of i and v?
27
Let m = 6 - 17. Let t = m + 14. Let p = 171 - 159. What is the highest common factor of t and p?
3
Suppose -q + 4*q = 5*m - 677, 2*m - 8 = 0. Let i = -135 - q. Let t = 13 + -1. Calculate the greatest common factor of t and i.
12
Suppose -3*r + 13928 = -y, 0 = 5*r + 5*y - 12656 - 10584. What is the greatest common factor of 172 and r?
172
Let k = -5 + 11. Suppose -k*t + 2*t = -5*b - 551, 12 = -4*b. Let z be 12/(-78) - t/(-26). What is the highest common factor of z and 45?
5
Let a = 120 - 4. Let h = a + -56. Suppose -10*g + 5*g + h = 0. Calculate the greatest common divisor of g and 132.
12
Suppose -4*z = -12, -3*v - 7*z + 42 = -2*z. Suppose -3*u = -v*u. Suppose -3*f + 14 + 10 = u. Calculate the greatest common divisor of 4 and f.
4
Suppose 0 = 4*b - 12, -q - 2*b - 789 = -6*q. Let u = 261 - q. What is the greatest common factor of u and 17?
17
Suppose 2*j = -n + 7*j + 26, 4*n - 3*j = 70. Let r = 54 + -38. Calculate the highest common factor of n and r.
16
Let i = 321 + -307. What is the greatest common factor of 42 and i?
14
Let m = 48 - 44. Suppose -3*l - 5*i = -34, -m = -l - 5*i + 14. Calculate the highest common divisor of l and 8.
8
Suppose k + 705 = 6*k. Suppose 5*v - k = 29. Calculate the highest common divisor of 51 and v.
17
Suppose 0 = -22*w + 7130 + 900. What is the highest common divisor of w and 73?
73
Let s be (1 - -1)/(2/21). Let w = -60 - -63. Suppose a - 26 = w*o, -a + 0 + 22 = -2*o. Calculate the highest common factor of a and s.
7
Let a be ((-6)/4)/(3/(-4)). Suppose -78 = -8*z + a*z. What is the highest common divisor of z and 104?
13
Suppose -4*v - 384 = -3*p, 71*p - 67*p - v = 525. What is the greatest common divisor of p and 204?
12
Let x be 21/2*-70*44/(-165). What is the greatest common factor of 98 and x?
98
Let h = 113 - 81. Suppose -86 = -4*m + g, -m - g = 4*g - h. Calculate the greatest common factor of m and 11.
11
Let r(z) = z**2 + 7*z + 4. Let w be r(-8). Suppose w = l - 8. Suppose -5*g + l = -25. Calculate the greatest common factor of 3 and g.
3
Let n be 8/(-9*3/(-54)). Calculate the highest common divisor of 10 and n.
2
Let s = 173 - 167. Let m = -4 + 40. What is the highest common factor of s and m?
6
Let n be 22/(-121) - 788/22. Let m be n*(-2 - ((-70)/(-4))/5). Calculate the highest common divisor of 18 and m.
18
Suppose z + 2*v = 132, 4*v + 346 = 3*z - 0*v. Suppose -5*l = 10, -c + 4*c = 4*l + z. Suppose -4*y + 9 + 751 = 0. Calculate the highest common factor of c and y.
38
Suppose -5*k - 2*x + 73 = 0, -4*x - 39 = -4*k - 3. What is the greatest common factor of k and 832?
13
Let l be (-3 - 39/(-6))*88/77. Suppose 4*g - 44 = -12. What is the highest common factor of l and g?
4
Suppose g - 2*g = 0. Suppose g*r + r - 18 = 0. Let s be 2 + (-2 + 2)*-1. What is the highest common factor of r and s?
2
Let p(z) = 3*z**3 + 28*z**2 + 28*z. Let h be p(-7). Suppose 4*f + 28 = 112. Calculate the highest common divisor of f and h.
21
Let v(l) = 2*l**2 - 18*l + 46. Suppose 0 = -f + 2*p + 3, 15*p - 11*p + 15 = 3*f. Let k be v(f). What is the greatest common factor of k and 23?
23
Let y = 26 + -25. Let o = y - -7. What is the highest common divisor of 32 and o?
8
Suppose -k + 0*k = -23. Calculate the greatest common divisor of 23 and k.
23
Suppose -5*t + 2*s = -952, -3*t + 382 = -t - 2*s. What is the highest common factor of t and 76?
38
Let d(o) = o**3 + 12*o**2 + 8*o - 3. Suppose 11*t = 5*t - 66. Let c be d(t). What is the greatest common factor of 45 and c?
15
Let u = 5 + -7. Let g(m) = -7*m - 4. Let f be g(u). Let q = 179 + -109. Calculate the greatest common divisor of f and q.
10
Let p = 3 + -2. Let r be p/(3 - 357/120). Suppose 0*n - 5*n + r = 0. What is the greatest common divisor of n and 4?
4
Let r(w) = w**2 + 12*w - 22. Suppose 5*c = -62 - 8. Let y be r(c). Calculate the greatest common divisor of y and 15.
3
Let i = 7 + -49. Let l = i - -70. Suppose 40*j + 13*j = 371. What is the highest common factor of j and l?
7
Suppose 7*z + 12*z - 37639 = 0. What is the greatest common divisor of 7 and z?
7
Suppose -4*r + 1047 = 3*x, 3*r + 4*x - 1308 = -2*r. What is the greatest common divisor of r and 24?
24
Let v(s) = -4 - 19*s + 7 + 0. Suppose -l - 7 = 4*c, 6*c = 2*c - 5*l + 13. Let y be v(c). What is the greatest common factor of 15 and y?
15
Suppose 5*p + 0*p - 518 = 2*a, 0 = -p + 5*a + 99. Calculate the greatest common factor of 117 and p.
13
Suppose -s - 2*f + 50 = 0, 3*s = -2*s + 2*f + 286. What is the highest common divisor of 14 and s?
14
Let i = 51 + -7. Suppose -4*o - 4*s + i = 0, 0 = -o + 2*s + 1 + 4. Let c be (21/(-28))/((-1)/24). What is the highest common divisor of c and o?
9
Let z be (-33847)/(-221) - (-2)/(-13). Calculate the highest common divisor of z and 18.
9
Let r(i) = 5*i**2 - i + 3. Let p be r(2). Let b(o) = 5*o - 54. Let t be b(15). What is the greatest common divisor of t and p?
21
Let z = 74 + -59. Suppose -3*v + z = -15. What is the greatest common factor of 10 and v?
10
Let i be (-4)/(-1) - 1 - -5. What is the highest common divisor of 16 and i?
8
Suppose q + 19 = z - 2, -2*q = -z + 16. Suppose 3*r - 7 = 20. Suppose -r + 61 = 4*w. What is the highest common factor of z and w?
13
Suppose -q + 2*q - 4 = p, p + 9 = 2*q. Suppose 0 = q*r - 1 - 44. What is the highest common factor of 72 and r?
9
Suppose 26*s - 63*s + 666 = 0. Calculate the highest common divisor of 318 and s.
6
Let p = 89 + 91. Let n(v) = 4*v**2 - v. Let h be n(-2). What is the greatest common factor of h and p?
18
Suppose -3*i - 2*i = -3*v + 1643, -4*v + i = -2168. Let h = -68 - -72. Suppose v = h*j + 65. Calculate the greatest common divisor of 17 and j.
17
Let m = 10 - 6. Suppose 0 = 19*j - 9*j - 50. Suppose -m*h = -4*n + 52, 3*n - 18 = -j*h + 21. Calculate the highest common factor of 104 and n.
13
Let k be 3 + 2 - (3 + -3)*-1. Suppose -218 = -k*o - 68. What is the highest common factor of 330 and o?
30
Let g be (11904/150)/8 - 48/(-600). Let i = 74 + -4. Calculate the highest common divisor of i and g.
10
Let x(q) = -q - 18. Let a be x(-13). Let m be (-4)/(a - 3)*20 - 0. Let p(j) = 8*j**2 + 2*j + 2. Let u be p(3). What is the greatest common factor of m and u?
10
Let v = 256 + -231. What is the highest common factor of 50 and v?
25
Suppose -268 = -29*m + 26*m - 5*x, 4*m = 2*x + 392. What is the highest common factor of 192 and m?
96
Suppose -32 + 126 = 3*l + 5*k, -l - 4*k = -36. Calculate the greatest common divisor of 1036 and l.
28
Suppose -79*o = 5*o - 19488. What is the greatest common factor of 16 and o?
8
Suppose -5*m + 43*m = 532. Let g be (-11 - (-6)/3)*-7. What is the greatest common factor of g and m?
7
Let f = 18 + -6. Suppose -10*n + f*n - 32 = 0. What is the highest common divisor of 112 and n?
16
Let l(v) = -7*v**2 + v + 2. Let c be l(-1). Let k be 2/c + (-348)/(-18). What is the greatest common factor of k and 171?
19
Let y be 2638 + -9*(-24)/108. What is the highest common factor of 30 and y?
30
Let l = 40 + -25. What is the greatest common divisor of 10 and l?
5
Let q be 109 - (-5 + (-2 + 3)*2). Suppose -1 = 2*u - 5*i - 9, 0 = -u - 5*i + 34. What is the highest common divisor of u and q?
14
Let z = 74 - 39. Suppose 5*s + 3*o - 1 = 10, 5*s = 5*o + z. Calculate the greatest common factor of s and 36.
4
Let c = 30 + -84. Let z = c - -58. What is the greatest common divisor of 28 and z?
4
Let y be ((-2)/3)/((-4)/462). Suppose 4*t + 26 = -3*o - 0*t, -5*t = -o + 4. Let x = o - -13. Calculate the 